441113
-331302110 (base 4) to base 12
-102558
1a911 (base 15) to base 13
30445
What is 100001110000010011111000 (base 2) in base 7?
135132522
-a844 (base 16) to base 10
-43076
What is 2425367 (base 10) in base 8?
11201027
328594 (base 10) to base 12
13a1aa
Convert 123023 (base 6) to base 3.
120010120
Convert 4b345b (base 12) to base 15.
194355
What is 145225 (base 6) in base 10?
14129
What is -45a464 (base 11) in base 5?
-141400043
244252514 (base 6) to base 4
101320211332
100000000010110100010010 (base 2) to base 13
1981601
What is 11e334 (base 15) in base 13?
2406a0
Convert -2a9b7 (base 13) to base 6.
-1421523
Convert -10011110000001111000 (base 2) to base 4.
-2132001320
1512345 (base 11) to base 8
11713343
Convert -46a037 (base 15) to base 8.
-14677714
What is -11110000011010111110101 (base 2) in base 7?
-123651214
-1a23891 (base 13) to base 8
-40646372
What is -11001111110100110 (base 2) in base 3?
-12101221222
What is -50210 (base 15) in base 11?
-163587
What is -3110e2 (base 16) in base 9?
-6040853
Convert 2431552 (base 6) to base 14.
34cb2
12203023113 (base 5) to base 7
234155613
What is 3c6a1 (base 15) in base 16?
2f554
Convert 30574a (base 12) to base 10.
756202
What is -4424556 (base 7) in base 15?
-ab409
Convert 1004413224 (base 5) to base 4.
13233122011
-100100011101111100 (base 2) to base 12
-72538
-361722 (base 10) to base 12
-1553b6
What is -671c10 (base 13) in base 5?
-1110310143
-245bc2 (base 14) to base 7
-13404532
What is 46915 (base 12) in base 3?
11210210122
-21255251 (base 6) to base 14
-1256d9
-b7b93 (base 16) to base 9
-1366245
What is -18fa84 (base 16) in base 4?
-12033222010
-101102222311 (base 4) to base 8
-21225265
What is -10243421114 (base 5) in base 11?
-6189528
a0eaa (base 16) to base 14
1322b8
375915 (base 10) to base 8
1336153
What is 205630 (base 8) in base 14?
1ad72
What is -608bb (base 15) in base 5?
-34240401
-281785 (base 9) to base 11
-108217
154127 (base 8) to base 9
83866
Convert -527763 (base 9) to base 14.
-82674
What is -667835 (base 9) in base 5?
-100240233
-791561 (base 10) to base 11
-4a0791
Convert -9cd3b7 (base 15) to base 14.
-dcc4cd
-143005 (base 9) to base 13
-30a88
Convert -109424 (base 10) to base 2.
-11010101101110000
What is 61a7560 (base 11) in base 8?
51604377
Convert -22110111120 (base 3) to base 14.
-449c6
-45640 (base 12) to base 11
-63548
What is -133055e (base 15) in base 7?
-225324623
What is -193047 (base 12) in base 14?
-b6863
100320013 (base 4) to base 11
47a33
-170292 (base 10) to base 7
-1306323
101101000110101010001 (base 2) to base 14
2a6893
-1ac3a18 (base 14) to base 7
-221501531
Convert -472413 (base 8) to base 15.
-32aaa
2102223332 (base 4) to base 10
600830
What is 1bf73f (base 16) in base 10?
1832767
-3df66 (base 16) to base 15
-502ed
Convert 11021202111000 (base 3) to base 4.
20230101030
Convert -9704c (base 13) to base 3.
-111211210022
Convert 5670324 (base 10) to base 5.
2422422244
What is 21000011200201 (base 3) in base 11?
2113588
What is 2444012330 (base 5) in base 13?
1298416
Convert e0ee4 (base 16) to base 11.
57a220
-2839849 (base 11) to base 12
-1778b71
What is 101022000120012 (base 3) in base 11?
30a8454
1421184 (base 11) to base 7
26536630
304102234 (base 5) to base 2
100101110001100111011
-1993975 (base 11) to base 12
-115b315
What is -101012211201 (base 3) in base 9?
-335751
Convert 6540305 (base 8) to base 3.
10022002001111
What is -3176390 (base 10) in base 3?
-12222101012002
What is 37178 (base 16) in base 8?
670570
40344243 (base 5) to base 2
1001111010101010100
Convert 130242434 (base 5) to base 4.
2122310013
Convert 14512205 (base 6) to base 8.
1736555
Convert -16aa6 (base 14) to base 5.
-3310421
What is 245241 (base 12) in base 13?
178489
Convert -3201110322 (base 4) to base 7.
-10562532
c0772 (base 14) to base 15
9205e
What is 2032331233 (base 4) in base 16?
8ef6f
213323100 (base 4) to base 11
10195a
Convert -1027030 (base 15) to base 16.
-afb699
What is 4b720 (base 14) in base 11?
1171a8
15741054 (base 8) to base 7
43026416
223282 (base 10) to base 4
312200302
a9036 (base 12) to base 7
1616004
Convert -161498 (base 11) to base 15.
-4e4b4
631013 (base 9) to base 16
5b7be
What is -4334414 (base 6) in base 13?
-76a47
-10431140401 (base 5) to base 14
-177773d
100100001011000110 (base 2) to base 5
14220131
Convert 96223 (base 12) to base 9.
330580
-1181385 (base 9) to base 10
-644027
121132352 (base 6) to base 15
306005
Convert -169669 (base 11) to base 14.
-6b513
Convert 5591725 (base 11) to base 8.
45276652
What is -209e (base 16) in base 13?
-3a54
What is -4d603 (base 14) in base 7?
-1422303
-46231 (base 7) to base 9
-17141
What is -226764 (base 8) in base 5?
-4433200
1333123201 (base 4) to base 3
222111222121
1212021312 (base 4) to base 11
266404
What is 10002120011 (base 3) in base 11?
41849
What is -1110220210211 (base 3) in base 10?
-785722
2467187 (base 9) to base 7
14264341
236255526 (base 7) to base 15
1466719
-122012311211 (base 4) to base 13
-1558073
Convert 7ab4 (base 16) to base 5.
2001122
10001011100000000101 (base 2) to base 14
10c341
18792 (base 16) to base 11
6934a
-348999 (base 12) to base 6
-30034313
What is -240315 (base 7) in base 13?
-16989
Convert -100102430 (base 5) to base 8.
-1401603
583020 (base 10) to base 16
8e56c
Convert -314110 (base 6) to base 4.
-12032322
Convert a909 (base 11) to base 3.
201202122
Convert -23401204 (base 5) to base 10.
-215804
6230d7 (base 14) to base 4
30220221011
Convert -8308467 (base 9) to base 11.
-255a000
-b3527 (base 13) to base 9
-540177
109371 (base 11) to base 2
101010010110011111
2310212112 (base 4) to base 6
23504410
-1612412 (base 8) to base 9
-776608
-e021 (base 16) to base 2
-1110000000100001
What is -4939c8 (base 14) in base 11?
-1462784
351430 (base 7) to base 12
3054a
-1323323201 (base 4) to base 16
-7bee1
What is -14087631 (base 9) in base 5?
-3240414323
-131214412 (base 5) to base 14
-12c295
31122351 (base 8) to base 13
149c267
What is -4906 (base 12) in base 10?
-8214
What is -20203 (base 11) in base 13?
-10594
3339 (base 14) to base 12
5173
-11000101011000111010 (base 2) to base 10
-808506
Convert b33aa0 (base 12) to base 8.
12550530
What is -22404414 (base 5) in base 14?
-53173
Convert 501a98 (base 11) to base 15.
10e5a3
311233211 (base 5) to base 4
10313011011
-44c87 (base 16) to base 6
-10012155
What is 1a32674 (base 11) in base 4?
31011101113
101234 (base 9) to base 15
12b81
Convert -486059 (base 11) to base 16.
-bbd66
Convert 1154110 (base 6) to base 12.
2b936
-3534660 (base 7) to base 6
-13320153
Convert 3544463 (base 8) to base 13.
27c0a4
What is -2032320223 (base 4) in base 6?
-20313311
-20132322101 (base 4) to base 6
-115355105
-130332020 (base 4) to base 11
-81177
Convert -3114110 (base 6) to base 8.
-444672
125542133 (base 6) to base 13
6a1a51
What is 323033203 (base 5) in base 16?
150417
What is d16573 (base 15) in base 5?
10021201413
8067523 (base 9) to base 11
2474a6a
Convert 3330667 (base 9) to base 4.
12311123110
-200101022102 (base 3) to base 10
-361811
1000010001 (base 3) to base 9
30101
Convert 3114441 (base 6) to base 11.
a2830
What is 12022202111022 (base 3) in base 6?
140352012
Convert 26134142 (base 8) to base 2.
10110001011100001100010
Convert 1bd8d (base 14) to base 4.
101121221
1242345 (base 8) to base 2
1010100010011100101
What is 10211012210 (base 3) in base 12?
37663
-2033445 (base 6) to base 9
-158412
-76117 (base 11) to base 12
-54018
What is -2100211210120 (base 3) in base 6?
-42533453
What is 22bbb1 (base 15) in base 12?
68061a
-7a530 (base 12) to base 15
-33543
What is -72418 (base 10) in base 11?
-4a455
What is -2537335 (base 11) in base 6?
-234203414
Convert a1ed (base 15) to base 16.
8596
Convert 13923a (base 14) to base 15.
d5e42
Convert 553544313 (base 6) to base 5.
10023422043
-2661172 (base 8) to base 5
-142333411
-165c4 (base 15) to base 9
-120014
Convert -49a2640 (base 11) to base 4.
-201020133221
What is -1144030333 (base 5) in base 4?
-22120033032
What is 1a62da (base 14) in base 3?
1202201002222
What is 1001000312 (base 4) in base 11?
172086
Convert 10462c9 (base 15) to base 16.
b1373e
162201434 (base 7) to base 14
1659b8b
a46847 (base 11) to base 13
469a60
Convert -11253 (base 16) to base 12.
-34783
Convert 12014342 (base 5) t